**2 + 75*s + 424. Let z be d(23). What is the greatest common divisor of z and 627?
33
Let k(m) = m**2 - 34*m + 307. Let v be k(24). Calculate the highest common factor of v and 14137.
67
Suppose -116*a + 105*a = -82137. Calculate the greatest common factor of 19 and a.
19
Suppose -3*x + 18 = 3*j, 3*x = -18*j + 55 + 8. Suppose 2*i = 5*r + 182, 0 = 2*i + 2*i + 2*r - 316. Calculate the highest common factor of i and j.
3
Suppose 223*p - 500 = 98*p. Let f(r) = r**2 + 3*r + 1. Let j be f(-3). Calculate the greatest common factor of p and j.
1
Let t(v) = -v**2 + 14*v - 26. Let d(x) = 33*x - 4. Let z be d(4). Suppose 0*m = -16*m + z. Let k be t(m). Calculate the highest common divisor of k and 44.
22
Let j(r) = 224*r + 4228. Let s be j(-18). Calculate the greatest common factor of 644 and s.
28
Suppose 3*i + 15 = -3*c, 5*c - i + 3 = 4*c. Let t be 5*4 + (2 - (6 + c)). Calculate the greatest common factor of t and 8.
4
Let p = 6229 + -6109. Calculate the greatest common divisor of p and 120.
120
Suppose 2*g + 6 = 5*g. Suppose 127 = g*h + 3*h + u, h + 5*u = 11. Calculate the greatest common divisor of 338 and h.
26
Let d = 41658 - 40786. What is the greatest common divisor of 344 and d?
8
Let u(s) = s**2 - 34*s + 42. Let g be u(33). Let h be (486/10)/(21/105). What is the greatest common factor of h and g?
9
Suppose 61*n = 25*n + 3744. Suppose -4*i + 120 = -4*k, -5*k = 5*i - 96 - n. Calculate the highest common factor of i and 15.
5
Let p = -71 - -89. Let l(x) = -x**3 - 20*x**2 + 15*x + 48. Let f be l(-21). Calculate the highest common divisor of p and f.
6
Let z = -117 + 237. Let t be -4*3/18*(-405)/18. What is the greatest common factor of t and z?
15
Suppose -4*j - u = u - 2380, 3*j = 4*u + 1796. Suppose -j*a + 604*a = 1120. Calculate the greatest common factor of a and 40.
20
Let s be (-1)/2*(-12)/1. Suppose 4*d + 80 = s*d. Calculate the highest common factor of d and 180.
20
Suppose 370 = 66*r + 1096. Let c(x) = 2 + 2*x**2 + x - 9 + 16*x. Let y be c(r). What is the greatest common factor of y and 32?
16
Suppose -27971 + 102353 = 58*o + 11*o. What is the highest common factor of o and 638?
22
Let h be ((-312)/10)/(40/(-50)). Calculate the highest common divisor of h and 325.
13
Suppose 2638 = 2*k - 2*n, -5*k - 5*n = -4334 - 2231. Calculate the greatest common factor of 42 and k.
14
Suppose 5*a - 213 + 233 = 0. Let f(x) = -x + 5. Let h be f(a). What is the greatest common factor of 99 and h?
9
Let t = -215 - -149. Let b be (6/(-9))/(4/t). Suppose -x + 19 = -2*a, 17*a + 20 + 37 = -x. What is the highest common divisor of x and b?
11
Let m be 13*133/182*-16*(-7 - 0). Calculate the greatest common factor of 70 and m.
14
Let j(t) = t**3 + 7*t**2 + 5*t + 2. Let i be j(-6). Suppose x - 75*n = -78*n + 105, 0 = -5*x + 2*n + 338. Calculate the highest common divisor of i and x.
8
Let z(h) be the third derivative of -h**6/120 + 7*h**5/10 + h**4/12 - 23*h**3/2 - 91*h**2. Let n be z(42). What is the highest common factor of 420 and n?
15
Suppose -r + 3164 = 8*b, -4*b + 919 = 4*r - 677. Calculate the highest common divisor of 5 and b.
5
Let d be 2/8 + -1*2289/(-28). Suppose 2153 = 17*a - 2726. Calculate the greatest common factor of d and a.
41
Let q(o) = -542*o - 851. Let s be q(-3). Calculate the highest common divisor of 248 and s.
31
Suppose -108*d - 9*d + 32760 = 0. Calculate the highest common factor of 245 and d.
35
Suppose 74820*q = 74846*q - 1044654. What is the highest common divisor of 177 and q?
177
Let l = -5068 + 5445. What is the highest common divisor of l and 13?
13
Suppose -3*m - 3 = 0, -17 - 2 = -3*j - 5*m. What is the greatest common factor of 246 and j?
2
Let h be 2*5*(-12)/(-30). Suppose -h*c + 182 = 2*r, 3*c - 130 = -4*r + 219. What is the highest common factor of r and 5?
5
Let p be (-31 - -32)*(1 - -3). Let s = 125 - -39. Suppose -2*k = -p*d + s, 35 = d + 2*k - k. What is the greatest common factor of d and 78?
39
Let o = 10306 + -10252. Calculate the highest common factor of 4482 and o.
54
Suppose -94*a + 52*a = -75*a + 14520. Calculate the greatest common divisor of a and 520.
40
Suppose -5*g - 47 = 9*r - 10*r, 0 = -3*r + 5*g + 151. Let z(n) = -72*n - 68. Let w be z(-6). Calculate the greatest common divisor of w and r.
52
Suppose -6*j - 1710 = -10*j + 3*z, 2*j + z - 860 = 0. Let d = -425 + j. What is the greatest common divisor of 4 and d?
4
Let x = -148 - -143. Let q be 2750/(-22)*-2*(-2)/x. Calculate the greatest common divisor of 4 and q.
4
Let x = -904 - -904. Suppose x = 3*v + t - 63, 11*v - 10*v - t - 25 = 0. Let d(h) = -45*h - 3. Let o be d(-3). What is the greatest common factor of v and o?
22
Suppose 4*f - 38 = p, 5*p = 2*f + 194 - 240. Calculate the highest common divisor of f and 17704.
8
Let n be ((-7)/(77/(-5368)))/((-2)/3*-3). Calculate the highest common divisor of n and 26108.
244
Suppose 72*r - 76*r - 20 = 0, -3*c + 2065 = -5*r. Calculate the highest common divisor of 920 and c.
40
Let v be 235 - (-20)/40*(-9)/((-45)/(-50)). Let q(z) = -z**2 - 8*z - 7. Let w be q(-6). What is the greatest common factor of w and v?
5
Let m be (6/(-1)*50)/(-1). Let x = -258 + m. What is the greatest common factor of 56 and x?
14
Let u be (7 - -11) + -9 - -329. What is the greatest common divisor of 22139 and u?
169
Suppose -10 = 5*z, 2*t - 27 = -5*z + 1. Suppose -t = -r + 4*p, -p = 14*r - 10*r - 42. Calculate the highest common divisor of 3 and r.
1
Let w = -319 + 327. Suppose -8*z - w = -4*b - 7*z, -2*b - 5*z + 4 = 0. Suppose l = 6 - 1. Calculate the highest common factor of b and l.
1
Let z(y) be the first derivative of y**4/4 + 10*y**3/3 - 7*y**2 - 6*y - 188. Let q be z(-8). Calculate the highest common divisor of 54 and q.
18
Let j = 27607 - 24307. Calculate the greatest common divisor of j and 156.
12
Suppose 4*s - 1035 = 4*b + b, 5*b = 5. Suppose 2*u + 6*w = 2*w - 14, u = 4*w - 1. Let i = u - -25. Calculate the highest common factor of s and i.
20
Let d = 1320 + -1281. Calculate the greatest common divisor of d and 15.
3
Suppose 367 + 1088 = 33*m - 96. Suppose -p = p - 96. Suppose 0 = 47*k - p*k + m. What is the highest common factor of 188 and k?
47
Let l be (-47 - -67) + (-7 - 2). Suppose 90 + 40 = 5*v. Let i be (v/4)/(l/22). What is the greatest common factor of 65 and i?
13
Let y be 8 + 2 + 8 + -4. Suppose g - 20 = -3*g, -3*k + 4*g - y = 0. Let s be -2 - k - -3 - (-27 - 1). Calculate the highest common factor of 18 and s.
9
Suppose -5*t = -0*t + 20. Let l be (3 + -1)*(-4)/(t - 4). Let o be l/(2/28*2). What is the greatest common factor of 35 and o?
7
Suppose 0 = -113*j + 6907 + 238981. Calculate the greatest common divisor of 17 and j.
17
Suppose 637 = 30*k + 97. Let h = -6 - -6. Suppose h = 4*g - g - r - 23, -2*r + 17 = g. Calculate the highest common divisor of g and k.
9
Let m(j) = -18*j. Let l be m(-4). Let v(i) = -10*i + 180. Let d be v(0). Calculate the greatest common factor of d and l.
36
Let l be (312/65)/(2/5). Let k be (-2)/l + (-3615)/(-90). What is the highest common factor of 24 and k?
8
Suppose 5*m = -0*q - 3*q + 492, q = -m + 98. Let c be 758/11 + -4 + 405/m. Calculate the greatest common factor of 230 and c.
23
Suppose -5*v + c + 99 = -0*c, 0 = -v - 5*c + 25. Suppose 30*a - 33*a - 4*i + 35 = 0, -10 = -3*a + i. Calculate the greatest common divisor of v and a.
5
Suppose 0 = 8*a - 52 + 3820. Let o = a + 587. What is the highest common factor of 4 and o?
4
Suppose -25*y + 1035 = -10*y. Let i = 123 - y. What is the highest common factor of i and 27?
27
Let o(b) = -3*b**2 + 46*b - 10. Let y be o(15). Suppose 48*h = 47*h + y. Let p = 10 + -9. What is the highest common divisor of p and h?
1
Let u be (4 - 141/(-9)) + (-1)/(-3). Let t be (24/(-10))/(4 - 348/90). Let p = 178 + t. Calculate the highest common divisor of u and p.
20
Let l(u) = 36*u + 33*u + 36*u + 80 + 122 - 111*u. Let n be l(31). Suppose -13 = 2*v + 3*k - 118, 5*k + 225 = 5*v. What is the highest common factor of n and v?
16
Suppose -2*t - 5*s + 47 = 0, -47 + 9 = -2*t - 2*s. Let r be 10/4*(-10 + t). Let w be (r/(-4))/((-6)/40). What is the greatest common divisor of w and 250?
25
Suppose 8*u - 14 = 18. Suppose -3*h + 115 = -u*d, 3*h - 2*d - 64 = 61. Suppose 0 = 7*n - 67 - h. Calculate the highest common factor of n and 80.
16
Let q = 663 - 658. Let